e 4) in base 12?
-1
Convert 1 (base 5) to base 8.
1
Convert 8 (base 9) to base 10.
8
Convert 41 (base 5) to base 2.
10101
Convert -1201 (base 5) to base 13.
-107
-10 (base 5) to base 8
-5
2 (base 16) to base 3
2
-12 (base 8) to base 15
-a
Convert 12b (base 13) to base 7.
413
Convert -2 (base 4) to base 9.
-2
Convert d (base 15) to base 11.
12
What is 1101100 (base 2) in base 3?
11000
12 (base 5) to base 15
7
What is -111101 (base 2) in base 4?
-331
-48 (base 16) to base 10
-72
-5 (base 8) to base 12
-5
What is -54 (base 6) in base 11?
-31
Convert -35 (base 15) to base 8.
-62
d (base 15) to base 3
111
-d (base 14) to base 12
-11
What is 2 (base 14) in base 6?
2
1000 (base 2) to base 11
8
-42 (base 12) to base 9
-55
-1 (base 2) to base 6
-1
What is 0 (base 5) in base 3?
0
What is -15 (base 7) in base 4?
-30
Convert 2 (base 14) to base 9.
2
-37 (base 16) to base 13
-43
What is 3 (base 9) in base 7?
3
-b (base 15) to base 7
-14
What is 40 (base 7) in base 9?
31
What is -27 (base 14) in base 9?
-38
-157 (base 9) to base 10
-133
What is 1 (base 6) in base 9?
1
Convert -1 (base 3) to base 8.
-1
What is 10 (base 5) in base 15?
5
What is a (base 12) in base 8?
12
-1 (base 7) to base 10
-1
1 (base 3) to base 2
1
Convert -12 (base 3) to base 9.
-5
-20 (base 4) to base 3
-22
What is 7 (base 16) in base 6?
11
-110 (base 7) to base 5
-211
Convert 133 (base 10) to base 4.
2011
30 (base 16) to base 13
39
What is 4 (base 12) in base 14?
4
What is 2 (base 9) in base 2?
10
Convert -1 (base 5) to base 9.
-1
What is 1111000 (base 2) in base 6?
320
What is 1c (base 13) in base 4?
121
-6 (base 14) to base 6
-10
1 (base 7) to base 6
1
-25 (base 14) to base 6
-53
51 (base 8) to base 14
2d
What is 111110 (base 2) in base 14?
46
Convert 21 (base 4) to base 9.
10
What is -106 (base 7) in base 9?
-61
1211 (base 3) to base 2
110001
562 (base 8) to base 10
370
Convert -101 (base 6) to base 8.
-45
3 (base 10) to base 14
3
24 (base 7) to base 5
33
21 (base 8) to base 11
16
55 (base 7) to base 4
220
1011 (base 2) to base 15
b
0 (base 8) to base 4
0
Convert 6 (base 12) to base 13.
6
0 (base 3) to base 7
0
What is -24 (base 12) in base 2?
-11100
27 (base 8) to base 5
43
What is -4 (base 7) in base 5?
-4
What is -2a (base 14) in base 9?
-42
What is -64 (base 8) in base 13?
-40
Convert 10 (base 13) to base 7.
16
Convert -16 (base 14) to base 7.
-26
What is -86 (base 9) in base 15?
-53
Convert 3d (base 16) to base 14.
45
Convert 14 (base 6) to base 14.
a
Convert 100 (base 7) to base 6.
121
What is 1003 (base 4) in base 9?
74
What is -1020 (base 5) in base 15?
-90
-35 (base 8) to base 3
-1002
Convert -4b (base 14) to base 2.
-1000011
1 (base 6) to base 8
1
Convert 10 (base 4) to base 3.
11
-5 (base 10) to base 14
-5
What is 11101 (base 2) in base 4?
131
Convert 6 (base 8) to base 10.
6
What is 10222 (base 4) in base 11?
251
224 (base 5) to base 7
121
What is 0 (base 5) in base 6?
0
What is 17 (base 11) in base 7?
24
Convert 210 (base 7) to base 16.
69
-10 (base 7) to base 2
-111
Convert 1333 (base 5) to base 10.
218
Convert 30 (base 5) to base 8.
17
What is -11 (base 12) in base 7?
-16
11 (base 5) to base 13
6
Convert 4 (base 7) to base 5.
4
Convert 10 (base 4) to base 13.
4
What is -2 (base 3) in base 5?
-2
What is -10 (base 7) in base 10?
-7
Convert -53 (base 9) to base 4.
-300
Convert 1 (base 4) to base 13.
1
What is -12122 (base 3) in base 8?
-230
Convert -100 (base 7) to base 5.
-144
0 (base 2) to base 11
0
What is -41 (base 5) in base 14?
-17
-12 (base 9) to base 5
-21
Convert 3 (base 5) to base 6.
3
What is -1 (base 2) in base 14?
-1
Convert -6 (base 11) to base 4.
-12
Convert -3 (base 7) to base 11.
-3
-10 (base 6) to base 11
-6
-25 (base 8) to base 9
-23
What is 0 (base 11) in base 16?
0
-37 (base 9) to base 2
-100010
What is -b7 (base 16) in base 6?
-503
28 (base 9) to base 2
11010
-6 (base 16) to base 14
-6
What is -b (base 14) in base 10?
-11
Convert 42 (base 14) to base 3.
2011
1 (base 9) to base 2
1
What is -11 (base 3) in base 4?
-10
What is -1 (base 6) in base 16?
-1
Convert -12 (base 3) to base 12.
-5
What is 0 (base 5) in base 9?
0
Convert 11b (base 12) to base 16.
a7
Convert 2b (base 13) to base 4.
211
What is -70 (base 15) in base 12?
-89
-5 (base 12) to base 13
-5
Convert 1 (base 10) to base 13.
1
Convert 10 (base 7) to base 6.
11
Convert -2 (base 3) to base 10.
-2
What is 121 (base 4) in base 9?
27
0 (base 12) to base 3
0
157 (base 11) to base 9
223
-6 (base 10) to base 9
-6
Convert -1131 (base 4) to base 13.
-72
What is -44 (base 6) in base 2?
-11100
2 (base 4) to base 3
2
Convert 11 (base 4) to base 14.
5
Convert -5 (base 13) to base 16.
-5
What is 152 (base 7) in base 14?
62
What is -85 (base 14) in base 6?
-313
What is 27 (base 10) in base 13?
21
What is -2 (base 14) in base 6?
-2
Convert -111110 (base 2) to base 8.
-76
3 (base 6) to base 12
3
What is -12 (base 13) in base 10?
-15
Convert -13b (base 13) to base 11.
-18a
14 (base 7) to base 8
13
What is 5c (base 13) in base 10?
77
Convert 100 (base 2) to base 7.
4
What is -20 (base 13) in base 16?
-1a
-4 (base 15) to base 12
-4
-93 (base 15) to base 3
-12010
0 (base 3) to base 13
0
14 (base 7) to base 11
10
45 (base 7) to base 8
41
254 (base 7) to base 14
9b
What is 1c (base 16) in base 8?
34
Convert 11 (base 4) to base 6.
5
What is -4 (base 15) in base 2?
-100
What is 10 (base 7) in base 11?
7
4 (base 7) to base 4
10
53 (base 9) to base 15
33
Convert -6 (base 8) to base 9.
-6
-10 (base 3) to base 9
-3
What is 9 (base 13) in base 4?
21
-1 (base 2) to base 11
-1
What is 0 (base 3) in base 13?
0
1 (base 10) to base 13
1
What is 30 (base 13) in base 8?
47
What is -11 (base 2) in base 13?
-3
Convert 2 (base 6) to base 2.
10
-271 (base 8) to base 11
-159
What is -2 (base 8) in base 6?
-2
Convert b2 (base 12) to base 9.
158
-36 (base 8) to base 13
-24
Convert -21 (base 10) to base 3.
-210
Convert -2 (base 8) to base 6.
-2
What is 221 (base 3) in base 9?
27
1a (base 12) to base 8
26
What is -4 (base 7) in base 10?
-4
Convert -51 (base 6) to base 5.
-111
Convert -126 (base 8) to base 14.
-62
What is 102022 (base 3) in base 16?
131
What is 2 (base 9) in base 10?
2
Convert 11 (base 4) to base 7.
5
What is 35 (base 6) in base 8?
27
Convert -25 (base 14) to base 11.
-30
Convert 303 (base 4) to base 14.
39
What is -8e (base 15) in base 8?
-206
-6 (base 13) to base 14
-6
What is -c3 (base 13) in base 8?
-237
What is 1011 (base 2) in base 15?
b
47 (base 13) to base 5
214
65 (base 8) to base 7
104
What is 12 (base 10) in base 7?
15
What is -13 (base 8) in base 6?
-15
Convert 0 (base 12) to base 11.
0
-146 (base 7) to base 4
-1103
126 (base 7) to base 8
105
3 (base 10) to base 14
3
Convert 1 (base 10) to base 6.
1
Convert -13 (base 6) to base 13.
-9
18 (base 11) to base 9
21
Convert -13 (base 14) to base 11.
-16
Convert -2 (base 4) to base 10.
-2
11 (base 9) to base 2
1010
Convert 4 (base 12) to base 11.
4
What is -1112 (base 3) in base 4?
-221
What is -26 (base 16) in base 7?
-53
What is 4 (base 10) in base 9?
4
318 (base 9) to base 3
100122
Convert 66 (base 9) to base 3.
2020
What is -401 (base 6) in base 8?
-221
-1 (base 3) to base 5
-1
What is 5 (base 16) in base 10?
5
-1 (base 2) to base 9
-1
Convert 25 (base 9) to base 4.
113
2 (base 13) to base 2
10
What is -a9 (base 11) in base 10?
-119
What is -125 (base 6) in base 11?
-49
Convert 10 (base 13) to base 16.
d
Convert 10 (base 2) to base 16.
2
What is 113 (base 7) in base 12?
4b
-48 (base 12) to base 10
-56
What is -5 (base 14) in base 15?
-5
-3 (base 14) to base 5
-3
Convert 157 (base 9) to base 14.
97
100 (base 2) to base 5
4
4 (base 7) to base 13
4
What is 26 (base 10) in base 6?
42
-2 (base 4) to base 9
-2
Convert -30 (base 4) to base 6.
-20
Convert 1 (base 12) to base 15.
1
-100111001 (base 2) to base 13
-1b1
-11 (base 7) to base 9
-8
Convert 1 (base 14) to base 9.
1
Convert 22 (base 8) to base 3.
200
Convert -8 (base 12) to base 16.
-8
8a (base 16) to base 2
10001010
What is 1 (base 14) in base 7?
1
What is 145 (base 11) in base 16?
aa
What is -10 (base 14) in base 6?
-22
What is 2 (base 3) in base 12?
2
What is 277 (base 10) in base 4?
10111
What is -1 (base 8) in base 14?
-1
-2 (base 7) to base 16
-2
What is -20 (base 16) in base 9?
-35
Convert -3 (base 11